0 (base 10) to base 7.
-12203501
Convert 32031310001 (base 4) to base 14.
6d0133
What is -65044364 (base 7) in base 8?
-25105500
What is -1374011 (base 8) in base 6?
-12215001
-1a0905 (base 15) to base 7
-13526534
What is 43114045 (base 8) in base 5?
4324321424
Convert 277431 (base 8) to base 13.
35841
120123001330 (base 4) to base 14
bc9220
What is 10122010012 (base 3) in base 2?
10001011101101000
-110011110000101010001011 (base 2) to base 7
-223221515
110100001000011011001110 (base 2) to base 6
1204524302
What is 312120220 (base 4) in base 8?
663050
Convert -18d8 (base 14) to base 7.
-16061
Convert 18265 (base 13) to base 5.
2442213
What is 300332233 (base 4) in base 2?
110000111110101111
Convert -aa436 (base 13) to base 8.
-1132115
Convert -21003310131 (base 4) to base 13.
-651cba
Convert -236686 (base 9) to base 11.
-98255
What is -71304 (base 10) in base 6?
-1310040
-1444c6 (base 16) to base 10
-1328326
Convert 1064610 (base 7) to base 12.
65480
-3232362 (base 9) to base 11
-a84748
Convert -16008 (base 10) to base 14.
-5b96
203420 (base 7) to base 3
1202210212
What is 1442040133 (base 5) in base 15?
514413
-7227167 (base 8) to base 5
-442144224
Convert 391e9 (base 15) to base 13.
65205
Convert -156bf8 (base 16) to base 9.
-2568704
Convert -282a62 (base 11) to base 13.
-126940
-834796 (base 10) to base 4
-3023303230
11454 (base 13) to base 9
47183
Convert 5904ec (base 16) to base 10.
5833964
Convert 3323100 (base 4) to base 2.
11111011010000
Convert 202121012020 (base 3) to base 15.
80210
What is -1241234 (base 6) in base 15?
-150d7
What is 101141143 (base 5) in base 6?
12455344
Convert 38d731 (base 15) to base 9.
5117861
What is -417291 (base 10) in base 2?
-1100101111000001011
Convert -2435451 (base 8) to base 14.
-1364d3
Convert -6a79 (base 13) to base 10.
-14972
What is 11636254 (base 7) in base 4?
10000230220
What is 111100111010011101 (base 2) in base 3?
110200020210
What is 517a63 (base 15) in base 16?
3b1abc
Convert 10101101121200 (base 3) to base 11.
1019598
Convert -753269 (base 10) to base 15.
-ed2ce
What is -1512105 (base 7) in base 14?
-54905
-51891 (base 14) to base 12
-95887
Convert -12002210222 (base 3) to base 6.
-2053042
-22021112212 (base 3) to base 7
-1246061
2891110 (base 11) to base 2
10010111100000110011010
20212 (base 13) to base 11
3a200
Convert -10220030123 (base 4) to base 15.
-18e70b
-1182991 (base 11) to base 9
-3768887
What is -3145467 (base 8) in base 5?
-203312310
What is -42426 (base 7) in base 14?
-3b86
What is 1012111022221 (base 3) in base 8?
2341126
What is -106524511 (base 7) in base 13?
-1489555
-2110100221 (base 3) to base 13
-19039
What is -112020121221 (base 4) in base 7?
-100212135
-21010001 (base 3) to base 7
-21055
66016604 (base 7) to base 11
32103aa
What is -5a99b (base 12) in base 13?
-43916
What is 59771 (base 12) in base 14?
31bc9
What is 2000221001112 (base 3) in base 12?
4417b8
1011110110001001101010 (base 2) to base 13
84960b
Convert -22123525 (base 6) to base 9.
-1222338
What is 1144301 (base 7) in base 8?
434254
Convert -43122 (base 9) to base 14.
-a580
596763 (base 14) to base 13
82b6aa
Convert -25a5b (base 13) to base 14.
-1b66d
101220012 (base 3) to base 8
17407
-13a68 (base 13) to base 5
-2140203
-712361 (base 8) to base 5
-30002422
What is -43285 (base 11) in base 6?
-1203100
-9d4143 (base 15) to base 14
-dd5756
323140231 (base 5) to base 12
567017
-32291 (base 13) to base 6
-1535045
34922b (base 12) to base 13
2379b3
Convert 2bfb3 (base 16) to base 13.
63cc6
Convert 101101011001001101111 (base 2) to base 4.
11223021233
-89a7 (base 13) to base 8
-45442
100011110100110100 (base 2) to base 10
146740
What is -1514a6 (base 12) in base 10?
-354942
What is 103110001 (base 4) in base 2?
10011010100000001
-11065511 (base 7) to base 8
-3516176
What is -324335353 (base 6) in base 3?
-101221101000020
Convert 77b75 (base 15) to base 10.
380585
120202222111 (base 3) to base 9
522874
-351550 (base 8) to base 7
-1005565
Convert 31894 (base 12) to base 2.
1111111010110000
Convert -405505 (base 8) to base 5.
-13241312
Convert -1d54254 (base 14) to base 10.
-14724770
24b068 (base 14) to base 16
133844
What is -35b3e (base 15) in base 9?
-280855
Convert -ac2c8 (base 13) to base 10.
-312476
-53424403 (base 6) to base 7
-16244646
-10203101 (base 5) to base 8
-245450
Convert -209622 (base 10) to base 11.
-133546
28921 (base 10) to base 4
13003321
What is 1604063 (base 9) in base 16?
d8f84
-20120331132 (base 4) to base 10
-2199390
-16415786 (base 9) to base 13
-1919b1a
-49299 (base 12) to base 7
-561225
What is -ab591 (base 13) in base 6?
-10354340
What is 34645334 (base 7) in base 12?
1033132
-50146210 (base 7) to base 5
-2030140124
What is -395123 (base 10) in base 12?
-1707ab
6a658 (base 15) to base 2
1010010101111110101
12575570 (base 9) to base 6
340410400
-11120122102 (base 3) to base 7
-523535
278621c (base 13) to base 3
212111210111202
240422202 (base 5) to base 12
45510a
What is 312031211020 (base 4) in base 15?
13aabba
Convert 10981 (base 12) to base 16.
5671
What is -5737761 (base 11) in base 6?
-555102152
Convert -d90a4 (base 16) to base 11.
-557a09
-3225345 (base 6) to base 8
-467141
Convert -66444 (base 9) to base 6.
-540104
What is 7a547a (base 11) in base 13?
35b0ac
109c46 (base 13) to base 10
393152
-123322 (base 7) to base 9
-34244
What is 92807 (base 11) in base 12?
6643a
What is 34674548 (base 9) in base 15?
1735e72
Convert 5621527 (base 10) to base 14.
a64939
Convert 230b21c (base 13) to base 6.
1023151031
Convert -1001110011111010000 (base 2) to base 16.
-4e7d0
16141668 (base 9) to base 8
36572511
What is 12200222111112 (base 3) in base 14?
58c750
What is 20123114 (base 5) in base 16?
2750a
What is -685fc (base 16) in base 12?
-1874a4
What is 214681 (base 9) in base 15?
27e74
Convert -123e74 (base 15) to base 4.
-3111120121
-79a718 (base 14) to base 4
-33302211102
Convert 314b7 (base 15) to base 13.
561ca
1101010100001110110 (base 2) to base 10
436342
Convert 213020101 (base 4) to base 7.
1235161
What is 22660333 (base 7) in base 9?
3674421
-1c2df (base 16) to base 15
-242ed
Convert 237896 (base 13) to base 3.
1120221021212
-103586 (base 11) to base 13
-5a596
What is 10110525 (base 6) in base 16?
469b5
1114211 (base 6) to base 13
1ca44
33230001 (base 4) to base 5
4024012
-2c37b7 (base 15) to base 4
-20022000022
Convert -325261 (base 9) to base 3.
-100212022001
What is -734325 (base 10) in base 3?
-1101022022020
What is -1409e5c (base 15) in base 14?
-1cc6453
Convert -281755 (base 12) to base 14.
-134ba9
What is -8a809 (base 13) in base 3?
-110210102122
What is 578141 (base 9) in base 4?
1110233302
Convert 1204414230 (base 5) to base 6.
140123513
What is -102020221221 (base 3) in base 2?
-110110000110010011
21033022 (base 4) to base 16
93ca
101100010100111010101101 (base 2) to base 16
b14ead
What is -10461034 (base 7) in base 3?
-1201000011201
Convert 3002244 (base 5) to base 6.
1002303
-1201002201 (base 3) to base 15
-9e57
1528a53 (base 11) to base 15
36aa94
What is 302681 (base 9) in base 13?
6371b
79160 (base 10) to base 2
10011010100111000
3047513 (base 8) to base 12
32aa37
Convert 11455123 (base 6) to base 12.
1574a3
What is -24020207 (base 8) in base 7?
-62430433
What is -110111000101101001110 (base 2) in base 5?
-430231014
-20b8a (base 16) to base 2
-100000101110001010
-5151053 (base 7) to base 11
-391988
What is -174166 (base 12) in base 8?
-1417336
What is -13532506 (base 7) in base 5?
-311044130
What is 53161724 (base 8) in base 9?
23278482
34033440 (base 5) to base 11
194911
120980 (base 10) to base 14
32136
What is 13225530 (base 6) in base 12?
1922a6
Convert -d5409 (base 16) to base 8.
-3252011
What is -148167 (base 11) in base 12?
-b1449
-c9dc1d (base 14) to base 7
-112055636
-2065159 (base 11) to base 13
-9a4a65
-c56a (base 14) to base 3
-1201122100
Convert 2001210111021 (base 3) to base 10.
1098232
Convert 17852 (base 10) to base 8.
42674
-1eb1e (base 16) to base 8
-365436
47626 (base 11) to base 5
4144020
310302113 (base 4) to base 15
440e5
Convert 3aea7b (base 16) to base 10.
3861115
What is -133210011230 (base 4) in base 12?
-2930438
What is 35644503 (base 9) in base 14?
2449650
1486598 (base 10) to base 4
11222330012
Convert -8703 (base 9) to base 15.
-1d6c
